{"id":1095,"date":"2016-06-09T08:39:17","date_gmt":"2016-06-09T08:39:17","guid":{"rendered":"https:\/\/www.ambpower.com\/?page_id=1095"},"modified":"2020-02-17T13:56:33","modified_gmt":"2020-02-17T11:56:33","slug":"karriere","status":"publish","type":"page","link":"https:\/\/www.empuron.com\/index.php\/de\/karriere\/","title":{"rendered":"KARRIERE"},"content":{"rendered":"<div id=\"pl-1095\"  class=\"panel-layout\" ><div id=\"pg-1095-0\"  class=\"panel-grid panel-has-style\" ><div class=\"so-parallax siteorigin-panels-stretch panel-row-style panel-row-style-for-1095-0\" data-stretch-type=\"full\" ><img fetchpriority=\"high\" decoding=\"async\" width=\"1600\" height=\"500\" src=\"https:\/\/www.empuron.com\/wp-content\/uploads\/2016\/06\/Empuron_Tisch.jpg\" class=\"attachment-full size-full\" alt=\"\" data-siteorigin-parallax=\"true\" loading=\"eager\" srcset=\"https:\/\/www.empuron.com\/wp-content\/uploads\/2016\/06\/Empuron_Tisch.jpg 1600w, https:\/\/www.empuron.com\/wp-content\/uploads\/2016\/06\/Empuron_Tisch-300x94.jpg 300w, https:\/\/www.empuron.com\/wp-content\/uploads\/2016\/06\/Empuron_Tisch-1024x320.jpg 1024w\" sizes=\"(max-width: 1600px) 100vw, 1600px\" \/><div id=\"pgc-1095-0-0\"  class=\"panel-grid-cell\" ><div id=\"panel-1095-0-0-0\" class=\"so-panel widget_sow-editor panel-first-child panel-last-child\" data-index=\"0\" ><div\n\t\t\t\n\t\t\tclass=\"so-widget-sow-editor so-widget-sow-editor-base\"\n\t\t\t\n\t\t>\n<div class=\"siteorigin-widget-tinymce textwidget\">\n\t<h1 style=\"text-align: center;\"><span style=\"color: #212e3a;\"><img loading=\"lazy\" decoding=\"async\" class=\"alignnone wp-image-2054 size-full\" src=\"https:\/\/www.empuron.com\/wp-content\/uploads\/2017\/05\/Emp_Logo.png\" alt=\"Karriere bei EMPURON\" width=\"80\" height=\"80\" \/><br \/>\nKARRIERE BEI EMPURON<\/span><\/h1>\n<\/div>\n<\/div><\/div><\/div><\/div><\/div><div id=\"pg-1095-1\"  class=\"panel-grid panel-no-style\" ><div id=\"pgc-1095-1-0\"  class=\"panel-grid-cell\" ><div id=\"panel-1095-1-0-0\" class=\"so-panel widget_sow-editor panel-first-child panel-last-child\" data-index=\"1\" ><div\n\t\t\t\n\t\t\tclass=\"so-widget-sow-editor so-widget-sow-editor-base\"\n\t\t\t\n\t\t>\n<div class=\"siteorigin-widget-tinymce textwidget\">\n\t<div class=\"portlet-layout\">\n<div id=\"column-1\" class=\"aui-w70 portlet-column portlet-column-first\">\n<div id=\"layout-column_column-1\" class=\"portlet-dropzone portlet-column-content portlet-column-content-first\">\n<div id=\"p_p_id_56_INSTANCE_6P8YwWPLjehq_\" class=\"portlet-boundary portlet-boundary_56_ portlet-static portlet-static-end portlet-borderless portlet-journal-content \">\n<p>&nbsp;<\/p>\n<div class=\"portlet-body\">\n<div class=\"portlet-borderless-container\">\n<div class=\"portlet-body\">\n<div id=\"article_10154_10180_183042_1.0\" class=\"journal-content-article\">\n<h2 style=\"text-align: left;\">WIR SIND IMMER AUF DER SUCHE NACH TALENTEN<\/h2>\n<\/div>\n<\/div>\n<\/div>\n<\/div>\n<\/div>\n<div id=\"p_p_id_56_INSTANCE_MOp8cnmaylF0_\" class=\"portlet-boundary portlet-boundary_56_ portlet-static portlet-static-end portlet-borderless portlet-journal-content \" style=\"text-align: left;\">\n<div class=\"portlet-body\">\n<div class=\"portlet-borderless-container\">\n<div class=\"portlet-body\">\n<div class=\"entry-links\">Unser vielseitiges Team braucht auch in Zukunft Unterst\u00fctzung durch talentierte und ehrgeizige Menschen. Auf diesen Seiten finden Sie Informationen zu aktuellen Ausschreibungen aus den Bereichen Entwicklung und Projekte. Auch f\u00fcr Sales, Marketing, Konzept und Design suchen wir st\u00e4ndig nach f\u00e4higen Mitarbeitern, die unsere Bem\u00fchungen auf den richtigen Weg bringen.<\/div>\n<\/div>\n<\/div>\n<\/div>\n<\/div>\n<div id=\"p_p_id_56_INSTANCE_2lMFEz6DjTWX_\" class=\"portlet-boundary portlet-boundary_56_ portlet-static portlet-static-end portlet-borderless portlet-journal-content \">\n<div class=\"portlet-body\">\n<div class=\"portlet-borderless-container\">\n<div class=\"portlet-body\">\n<div id=\"article_10154_10180_18446_1.3\" class=\"journal-content-article\">\n<div id=\"article_10154_10180_17798_1.4\" class=\"journal-content-article\">\n<div id=\"article_10154_10180_17798_1.4\" class=\"journal-content-article\">\n<h2 style=\"text-align: left;\">Im Team sind wir besser ...<\/h2>\n<p style=\"text-align: left;\">Wir haben es uns zum Ziel gesetzt, unsere Produkte im Rahmen der Neuen Technologien im Energiemarkt einzusetzen.<\/p>\n<p style=\"text-align: left;\">Von unseren Mitarbeitern erwarten wir, dass sie sich voll einbringen und die Arbeit aktiv mitgestalten. Wir legen Wert auf kurze und direkte Kommunikationswege, denn wir investieren unsere Zeit lieber in die Gestaltung und Umsetzung anspruchsvoller Kundenprojekte als in komplizierte Abl\u00e4ufe. Unsere innovativen Ideen und neuen Technologien entstehen durch die engagierte Teamarbeit unserer Mitarbeiter und die intensive Auseinandersetzung mit den Projekten. Auch Praktikanten und Studenten arbeiten sofort voll mit und erhalten auf diese Weise fundierte Einblicke in die Praxis.<\/p>\n<p style=\"text-align: left;\">Unsere engagierten und kreativen K\u00f6pfe arbeiten an spannenden und vielseitigen Projekten, und unsere Standards sind hoch. Wenn auch Sie hohe Erwartungen an Ihren zuk\u00fcnftigen Job haben und bereit sind, gemeinsam mit Ihren Kollegen im Internet Welten zu bewegen, sollten wir uns kennenlernen.<\/p>\n<p>&nbsp;<\/p>\n<\/div>\n<\/div>\n<\/div>\n<\/div>\n<\/div>\n<\/div>\n<\/div>\n<\/div>\n<\/div>\n<\/div>\n<\/div>\n<\/div><\/div><\/div><\/div><div id=\"pg-1095-2\"  class=\"panel-grid panel-no-style\" ><div id=\"pgc-1095-2-0\"  class=\"panel-grid-cell\" ><div id=\"panel-1095-2-0-0\" class=\"so-panel widget_sow-editor panel-first-child panel-last-child\" data-index=\"2\" ><div\n\t\t\t\n\t\t\tclass=\"so-widget-sow-editor so-widget-sow-editor-base\"\n\t\t\t\n\t\t>\n<div class=\"siteorigin-widget-tinymce textwidget\">\n\t<h2>Aufgabenstellung \"ORACLE Entwicklung\"<\/h2>\n<p>Entwicklung auf Basis des RDBMS ORACLE: Im Rahmen der Energiemanagement und Big Data Anwendungen verst\u00e4rken Sie unser Team mit ausgepr\u00e4gter ORACLE-Kompetenz. Mit PL\/SQL haben Sie einige Jahre Erfahrung.<\/p>\n<h2>Anforderungen<\/h2>\n<ul>\n<li class=\"latestnews\">Gute SQL-Kenntnisse<\/li>\n<li class=\"latestnews\">Gute PL\/SQL-Kenntnisse<\/li>\n<li class=\"latestnews\">Kenntnisse der eigenst\u00e4ndigen Installation und Adminstration von ORACLE<\/li>\n<li class=\"latestnews\">Mehrj\u00e4hrige Projekterfahrung bei der Installation von ORACLE<\/li>\n<\/ul>\n<p>&nbsp;<\/p>\n<\/div>\n<\/div><\/div><\/div><\/div><div id=\"pg-1095-3\"  class=\"panel-grid panel-no-style\" ><div id=\"pgc-1095-3-0\"  class=\"panel-grid-cell\" ><div id=\"panel-1095-3-0-0\" class=\"so-panel widget_sow-editor panel-first-child\" data-index=\"3\" ><div\n\t\t\t\n\t\t\tclass=\"so-widget-sow-editor so-widget-sow-editor-base\"\n\t\t\t\n\t\t>\n<div class=\"siteorigin-widget-tinymce textwidget\">\n\t<h2>Aufgabenstellung \"Projektabwicklung\/Entwicklung f\u00fcr SOA-Serversysteme\"<\/h2>\n<p>Entwicklung und Projektabwicklung technischer Web-Anwendungen f\u00fcr Automatisierungssysteme: Ihre Aufgabe besteht darin, in einem hochqualifizierten Team bestehende L\u00f6sungen zu pflegen, eigenst\u00e4ndig Installationen durchzuf\u00fchren und unsere L\u00f6sungen weiter zu entwickeln. Kreativit\u00e4t und eigenst\u00e4ndiges Arbeiten sch\u00e4tzen wir sehr.<\/p>\n<h2>Anforderungen<\/h2>\n<ul>\n<li class=\"latestnews\">Gute Kenntnisse in XML, HTML, C\/C++<\/li>\n<li class=\"latestnews\">Gute SQL-Kenntnisse<\/li>\n<li class=\"latestnews\">Gute JAVA-Kenntnisse<\/li>\n<li class=\"latestnews\">Grundkenntnisse in UNIX\/LINUX, Windows<\/li>\n<li class=\"latestnews\">JBoss bzw. EJB 3.0-Kenntisse von Vorteil<\/li>\n<\/ul>\n<p>&nbsp;<\/p>\n<p>Schicken Sie Ihre Bewerbung direkt an <span style=\"text-decoration: underline;\">info@empuron.com<\/span> oder verwenden Sie unser <a href=\"https:\/\/www.empuron.com\/index.php\/de\/kontaktformular\/\">Kontaktformular<\/a>!<\/p>\n<\/div>\n<\/div><\/div><div id=\"panel-1095-3-0-1\" class=\"so-panel widget_spacer panel-last-child\" data-index=\"4\" ><div\n\t\t\t\n\t\t\tclass=\"so-widget-spacer so-widget-spacer-spacer-style-d75171398898-1095\"\n\t\t\t\n\t\t>\r\n\r\n\r\n\r\n\r\n<div class=\"spacer\" style=\"height: 0px\">\r\n<\/div><\/div><\/div><\/div><\/div><\/div>","protected":false},"excerpt":{"rendered":"<p>KARRIERE BEI EMPURON &nbsp; WIR SIND IMMER AUF DER SUCHE NACH TALENTEN Unser vielseitiges Team braucht auch in Zukunft Unterst\u00fctzung durch talentierte und ehrgeizige Menschen. Auf diesen Seiten finden Sie Informationen zu aktuellen Ausschreibungen aus den Bereichen Entwicklung und Projekte. Auch f\u00fcr Sales, Marketing, Konzept und Design suchen wir st\u00e4ndig nach f\u00e4higen Mitarbeitern, die unsere [&hellip;]<\/p>\n","protected":false},"author":2,"featured_media":0,"parent":0,"menu_order":0,"comment_status":"closed","ping_status":"closed","template":"","meta":{"om_disable_all_campaigns":false,"footnotes":""},"class_list":["post-1095","page","type-page","status-publish","hentry"],"yoast_head":"<!-- This site is optimized with the Yoast SEO Premium plugin v18.5 (Yoast SEO v27.4) - https:\/\/yoast.com\/product\/yoast-seo-premium-wordpress\/ -->\n<title>EMPURON sucht Talente f\u00fcr Entwicklung und Projekte<\/title>\n<meta name=\"description\" content=\"Jetzt bei EMPURON bewerben und Karriere machen! Wir sind immer auf der Suche nach Talenten aus den Bereichen Entwicklung, Projekte, Sales, Marketing u.v.m.!\" \/>\n<meta name=\"robots\" content=\"index, follow, max-snippet:-1, max-image-preview:large, max-video-preview:-1\" \/>\n<link rel=\"canonical\" href=\"https:\/\/www.empuron.com\/index.php\/de\/karriere\/\" \/>\n<meta property=\"og:locale\" content=\"de_DE\" \/>\n<meta property=\"og:type\" content=\"article\" \/>\n<meta property=\"og:title\" content=\"KARRIERE\" \/>\n<meta property=\"og:description\" content=\"Jetzt bei EMPURON bewerben und Karriere machen! Wir sind immer auf der Suche nach Talenten aus den Bereichen Entwicklung, Projekte, Sales, Marketing u.v.m.!\" \/>\n<meta property=\"og:url\" content=\"https:\/\/www.empuron.com\/index.php\/de\/karriere\/\" \/>\n<meta property=\"og:site_name\" content=\"EMPURON\" \/>\n<meta property=\"article:modified_time\" content=\"2020-02-17T11:56:33+00:00\" \/>\n<meta property=\"og:image\" content=\"https:\/\/www.empuron.com\/wp-content\/uploads\/2017\/05\/Emp_Logo.png\" \/>\n<meta name=\"twitter:card\" content=\"summary_large_image\" \/>\n<meta name=\"twitter:label1\" content=\"Gesch\u00e4tzte Lesezeit\" \/>\n\t<meta name=\"twitter:data1\" content=\"2\u00a0Minuten\" \/>\n<script type=\"application\/ld+json\" class=\"yoast-schema-graph\">{\"@context\":\"https:\\\/\\\/schema.org\",\"@graph\":[{\"@type\":\"WebPage\",\"@id\":\"https:\\\/\\\/www.empuron.com\\\/index.php\\\/de\\\/karriere\\\/\",\"url\":\"https:\\\/\\\/www.empuron.com\\\/index.php\\\/de\\\/karriere\\\/\",\"name\":\"EMPURON sucht Talente f\u00fcr Entwicklung und Projekte\",\"isPartOf\":{\"@id\":\"https:\\\/\\\/www.empuron.com\\\/#website\"},\"primaryImageOfPage\":{\"@id\":\"https:\\\/\\\/www.empuron.com\\\/index.php\\\/de\\\/karriere\\\/#primaryimage\"},\"image\":{\"@id\":\"https:\\\/\\\/www.empuron.com\\\/index.php\\\/de\\\/karriere\\\/#primaryimage\"},\"thumbnailUrl\":\"https:\\\/\\\/www.empuron.com\\\/wp-content\\\/uploads\\\/2017\\\/05\\\/Emp_Logo.png\",\"datePublished\":\"2016-06-09T08:39:17+00:00\",\"dateModified\":\"2020-02-17T11:56:33+00:00\",\"description\":\"Jetzt bei EMPURON bewerben und Karriere machen! Wir sind immer auf der Suche nach Talenten aus den Bereichen Entwicklung, Projekte, Sales, Marketing u.v.m.!\",\"breadcrumb\":{\"@id\":\"https:\\\/\\\/www.empuron.com\\\/index.php\\\/de\\\/karriere\\\/#breadcrumb\"},\"inLanguage\":\"de\",\"potentialAction\":[{\"@type\":\"ReadAction\",\"target\":[\"https:\\\/\\\/www.empuron.com\\\/index.php\\\/de\\\/karriere\\\/\"]}]},{\"@type\":\"ImageObject\",\"inLanguage\":\"de\",\"@id\":\"https:\\\/\\\/www.empuron.com\\\/index.php\\\/de\\\/karriere\\\/#primaryimage\",\"url\":\"https:\\\/\\\/www.empuron.com\\\/wp-content\\\/uploads\\\/2017\\\/05\\\/Emp_Logo.png\",\"contentUrl\":\"https:\\\/\\\/www.empuron.com\\\/wp-content\\\/uploads\\\/2017\\\/05\\\/Emp_Logo.png\",\"width\":80,\"height\":80},{\"@type\":\"BreadcrumbList\",\"@id\":\"https:\\\/\\\/www.empuron.com\\\/index.php\\\/de\\\/karriere\\\/#breadcrumb\",\"itemListElement\":[{\"@type\":\"ListItem\",\"position\":1,\"name\":\"Startseite\",\"item\":\"https:\\\/\\\/www.empuron.com\\\/index.php\\\/de\\\/https-www-empuron-com-index-php-de-https-www-empuron-com-index-php-de-empuron-ueberlegenes-energiemanagement\\\/\"},{\"@type\":\"ListItem\",\"position\":2,\"name\":\"KARRIERE\"}]},{\"@type\":\"WebSite\",\"@id\":\"https:\\\/\\\/www.empuron.com\\\/#website\",\"url\":\"https:\\\/\\\/www.empuron.com\\\/\",\"name\":\"EMPURON\",\"description\":\"Specialised in Energy Intelligence Solutions\",\"publisher\":{\"@id\":\"https:\\\/\\\/www.empuron.com\\\/#organization\"},\"potentialAction\":[{\"@type\":\"SearchAction\",\"target\":{\"@type\":\"EntryPoint\",\"urlTemplate\":\"https:\\\/\\\/www.empuron.com\\\/?s={search_term_string}\"},\"query-input\":{\"@type\":\"PropertyValueSpecification\",\"valueRequired\":true,\"valueName\":\"search_term_string\"}}],\"inLanguage\":\"de\"},{\"@type\":\"Organization\",\"@id\":\"https:\\\/\\\/www.empuron.com\\\/#organization\",\"name\":\"EMPURON AG\",\"url\":\"https:\\\/\\\/www.empuron.com\\\/\",\"logo\":{\"@type\":\"ImageObject\",\"inLanguage\":\"de\",\"@id\":\"https:\\\/\\\/www.empuron.com\\\/#\\\/schema\\\/logo\\\/image\\\/\",\"url\":\"https:\\\/\\\/www.empuron.com\\\/wp-content\\\/uploads\\\/2017\\\/05\\\/Emp_Logo.png\",\"contentUrl\":\"https:\\\/\\\/www.empuron.com\\\/wp-content\\\/uploads\\\/2017\\\/05\\\/Emp_Logo.png\",\"width\":80,\"height\":80,\"caption\":\"EMPURON AG\"},\"image\":{\"@id\":\"https:\\\/\\\/www.empuron.com\\\/#\\\/schema\\\/logo\\\/image\\\/\"},\"sameAs\":[\"https:\\\/\\\/www.linkedin.com\\\/company\\\/2127395\\\/\"]}]}<\/script>\n<!-- \/ Yoast SEO Premium plugin. -->","yoast_head_json":{"title":"EMPURON sucht Talente f\u00fcr Entwicklung und Projekte","description":"Jetzt bei EMPURON bewerben und Karriere machen! Wir sind immer auf der Suche nach Talenten aus den Bereichen Entwicklung, Projekte, Sales, Marketing u.v.m.!","robots":{"index":"index","follow":"follow","max-snippet":"max-snippet:-1","max-image-preview":"max-image-preview:large","max-video-preview":"max-video-preview:-1"},"canonical":"https:\/\/www.empuron.com\/index.php\/de\/karriere\/","og_locale":"de_DE","og_type":"article","og_title":"KARRIERE","og_description":"Jetzt bei EMPURON bewerben und Karriere machen! Wir sind immer auf der Suche nach Talenten aus den Bereichen Entwicklung, Projekte, Sales, Marketing u.v.m.!","og_url":"https:\/\/www.empuron.com\/index.php\/de\/karriere\/","og_site_name":"EMPURON","article_modified_time":"2020-02-17T11:56:33+00:00","og_image":[{"url":"https:\/\/www.empuron.com\/wp-content\/uploads\/2017\/05\/Emp_Logo.png","type":"","width":"","height":""}],"twitter_card":"summary_large_image","twitter_misc":{"Gesch\u00e4tzte Lesezeit":"2\u00a0Minuten"},"schema":{"@context":"https:\/\/schema.org","@graph":[{"@type":"WebPage","@id":"https:\/\/www.empuron.com\/index.php\/de\/karriere\/","url":"https:\/\/www.empuron.com\/index.php\/de\/karriere\/","name":"EMPURON sucht Talente f\u00fcr Entwicklung und Projekte","isPartOf":{"@id":"https:\/\/www.empuron.com\/#website"},"primaryImageOfPage":{"@id":"https:\/\/www.empuron.com\/index.php\/de\/karriere\/#primaryimage"},"image":{"@id":"https:\/\/www.empuron.com\/index.php\/de\/karriere\/#primaryimage"},"thumbnailUrl":"https:\/\/www.empuron.com\/wp-content\/uploads\/2017\/05\/Emp_Logo.png","datePublished":"2016-06-09T08:39:17+00:00","dateModified":"2020-02-17T11:56:33+00:00","description":"Jetzt bei EMPURON bewerben und Karriere machen! Wir sind immer auf der Suche nach Talenten aus den Bereichen Entwicklung, Projekte, Sales, Marketing u.v.m.!","breadcrumb":{"@id":"https:\/\/www.empuron.com\/index.php\/de\/karriere\/#breadcrumb"},"inLanguage":"de","potentialAction":[{"@type":"ReadAction","target":["https:\/\/www.empuron.com\/index.php\/de\/karriere\/"]}]},{"@type":"ImageObject","inLanguage":"de","@id":"https:\/\/www.empuron.com\/index.php\/de\/karriere\/#primaryimage","url":"https:\/\/www.empuron.com\/wp-content\/uploads\/2017\/05\/Emp_Logo.png","contentUrl":"https:\/\/www.empuron.com\/wp-content\/uploads\/2017\/05\/Emp_Logo.png","width":80,"height":80},{"@type":"BreadcrumbList","@id":"https:\/\/www.empuron.com\/index.php\/de\/karriere\/#breadcrumb","itemListElement":[{"@type":"ListItem","position":1,"name":"Startseite","item":"https:\/\/www.empuron.com\/index.php\/de\/https-www-empuron-com-index-php-de-https-www-empuron-com-index-php-de-empuron-ueberlegenes-energiemanagement\/"},{"@type":"ListItem","position":2,"name":"KARRIERE"}]},{"@type":"WebSite","@id":"https:\/\/www.empuron.com\/#website","url":"https:\/\/www.empuron.com\/","name":"EMPURON","description":"Specialised in Energy Intelligence Solutions","publisher":{"@id":"https:\/\/www.empuron.com\/#organization"},"potentialAction":[{"@type":"SearchAction","target":{"@type":"EntryPoint","urlTemplate":"https:\/\/www.empuron.com\/?s={search_term_string}"},"query-input":{"@type":"PropertyValueSpecification","valueRequired":true,"valueName":"search_term_string"}}],"inLanguage":"de"},{"@type":"Organization","@id":"https:\/\/www.empuron.com\/#organization","name":"EMPURON AG","url":"https:\/\/www.empuron.com\/","logo":{"@type":"ImageObject","inLanguage":"de","@id":"https:\/\/www.empuron.com\/#\/schema\/logo\/image\/","url":"https:\/\/www.empuron.com\/wp-content\/uploads\/2017\/05\/Emp_Logo.png","contentUrl":"https:\/\/www.empuron.com\/wp-content\/uploads\/2017\/05\/Emp_Logo.png","width":80,"height":80,"caption":"EMPURON AG"},"image":{"@id":"https:\/\/www.empuron.com\/#\/schema\/logo\/image\/"},"sameAs":["https:\/\/www.linkedin.com\/company\/2127395\/"]}]}},"_links":{"self":[{"href":"https:\/\/www.empuron.com\/index.php\/wp-json\/wp\/v2\/pages\/1095","targetHints":{"allow":["GET"]}}],"collection":[{"href":"https:\/\/www.empuron.com\/index.php\/wp-json\/wp\/v2\/pages"}],"about":[{"href":"https:\/\/www.empuron.com\/index.php\/wp-json\/wp\/v2\/types\/page"}],"author":[{"embeddable":true,"href":"https:\/\/www.empuron.com\/index.php\/wp-json\/wp\/v2\/users\/2"}],"replies":[{"embeddable":true,"href":"https:\/\/www.empuron.com\/index.php\/wp-json\/wp\/v2\/comments?post=1095"}],"version-history":[{"count":44,"href":"https:\/\/www.empuron.com\/index.php\/wp-json\/wp\/v2\/pages\/1095\/revisions"}],"predecessor-version":[{"id":3663,"href":"https:\/\/www.empuron.com\/index.php\/wp-json\/wp\/v2\/pages\/1095\/revisions\/3663"}],"wp:attachment":[{"href":"https:\/\/www.empuron.com\/index.php\/wp-json\/wp\/v2\/media?parent=1095"}],"curies":[{"name":"wp","href":"https:\/\/api.w.org\/{rel}","templated":true}]}}