{"id":523,"date":"2016-05-15T16:15:02","date_gmt":"2016-05-15T16:15:02","guid":{"rendered":"https:\/\/www.ambpower.com\/?page_id=523"},"modified":"2022-10-31T18:54:33","modified_gmt":"2022-10-31T16:54:33","slug":"impressum","status":"publish","type":"page","link":"https:\/\/www.empuron.com\/index.php\/de\/impressum\/","title":{"rendered":"IMPRESSUM"},"content":{"rendered":"<div id=\"pl-523\"  class=\"panel-layout\" ><div id=\"pg-523-0\"  class=\"panel-grid panel-has-style\" ><div class=\"so-parallax siteorigin-panels-stretch panel-row-style panel-row-style-for-523-0\" data-stretch-type=\"full\" ><img fetchpriority=\"high\" decoding=\"async\" width=\"1600\" height=\"500\" src=\"https:\/\/www.empuron.com\/wp-content\/uploads\/2016\/06\/Empuron_Tisch.jpg\" class=\"attachment-full size-full\" alt=\"\" data-siteorigin-parallax=\"true\" loading=\"eager\" srcset=\"https:\/\/www.empuron.com\/wp-content\/uploads\/2016\/06\/Empuron_Tisch.jpg 1600w, https:\/\/www.empuron.com\/wp-content\/uploads\/2016\/06\/Empuron_Tisch-300x94.jpg 300w, https:\/\/www.empuron.com\/wp-content\/uploads\/2016\/06\/Empuron_Tisch-1024x320.jpg 1024w\" sizes=\"(max-width: 1600px) 100vw, 1600px\" \/><div id=\"pgc-523-0-0\"  class=\"panel-grid-cell\" ><div id=\"panel-523-0-0-0\" class=\"so-panel widget_sow-editor panel-first-child panel-last-child\" data-index=\"0\" ><div\n\t\t\t\n\t\t\tclass=\"so-widget-sow-editor so-widget-sow-editor-base\"\n\t\t\t\n\t\t>\n<div class=\"siteorigin-widget-tinymce textwidget\">\n\t<h1 style=\"text-align: center;\"><img loading=\"lazy\" decoding=\"async\" class=\"aligncenter wp-image-1372 size-full\" src=\"https:\/\/www.empuron.com\/wp-content\/uploads\/2016\/06\/Emp_Logo.png\" alt=\"Emp_Logo Impressum\" width=\"80\" height=\"80\" \/>Impressum<\/h1>\n<\/div>\n<\/div><\/div><\/div><\/div><\/div><div id=\"pg-523-1\"  class=\"panel-grid panel-no-style\" ><div id=\"pgc-523-1-0\"  class=\"panel-grid-cell\" ><div id=\"panel-523-1-0-0\" class=\"so-panel widget_sow-editor panel-first-child panel-last-child\" data-index=\"1\" ><div\n\t\t\t\n\t\t\tclass=\"so-widget-sow-editor so-widget-sow-editor-base\"\n\t\t\t\n\t\t>\n<div class=\"siteorigin-widget-tinymce textwidget\">\n\t<p style=\"text-align: left;\"><strong>EMPURON AG<\/strong><br \/>\nWiesbadener Stra\u00dfe 11, D-90427 N\u00fcrnberg<br \/>\nTel.: +49 | 911 | 477 918 | 0<br \/>\nFax: +49 | 911 | 477 918 | 88<br \/>\n<a href=\"mailto:info@empuron.com\">info@empuron.com<\/a><br \/>\n<a href=\"https:\/\/www.empuron.de\">www.empuron.com<\/a><\/p>\n<p style=\"text-align: left;\">Vorstand: Hubert Medl<br \/>\nAufsichtsratsvorsitzender: Winfried Bergmann<br \/>\nRegistergericht: N\u00fcrnberg HRB 40974<br \/>\nUmsatzsteuer-Identnummer: DE815014598<\/p>\n<\/div>\n<\/div><\/div><\/div><div id=\"pgc-523-1-1\"  class=\"panel-grid-cell panel-grid-cell-mobile-last\" ><div id=\"panel-523-1-1-0\" class=\"so-panel widget_sow-image panel-first-child panel-last-child\" data-index=\"2\" ><div\n\t\t\t\n\t\t\tclass=\"so-widget-sow-image so-widget-sow-image-default-4e6925654b7a-523\"\n\t\t\t data-overlay-enabled=\"1\" data-overlay-settings=\"{&quot;enabled_for_widgets&quot;:[&quot;sow-image&quot;,&quot;sow-image-grid&quot;,&quot;sow-simple-masonry&quot;],&quot;theme&quot;:&quot;&quot;,&quot;show_delay&quot;:300,&quot;overlay_color&quot;:&quot;#000000&quot;,&quot;overlay_opacity&quot;:0.8,&quot;overlay_position&quot;:&quot;bottom&quot;,&quot;overlay_size&quot;:0.3,&quot;desktop_show_trigger&quot;:&quot;hover&quot;,&quot;touch_show_trigger&quot;:&quot;touch&quot;,&quot;responsive_breakpoint&quot;:&quot;1024px&quot;,&quot;responsive_breakpoint_unit&quot;:&quot;px&quot;,&quot;overlay_animation&quot;:&quot;fade&quot;,&quot;overlay_animation_onscreen&quot;:false,&quot;font_family&quot;:&quot;&quot;,&quot;text_size&quot;:&quot;15px&quot;,&quot;text_size_unit&quot;:&quot;px&quot;,&quot;text_color&quot;:&quot;#fff&quot;,&quot;text_padding&quot;:&quot;22px 22px 22px 22px&quot;,&quot;text_position&quot;:&quot;middle&quot;,&quot;text_align&quot;:&quot;left&quot;,&quot;text_animation&quot;:&quot;&quot;}\"\n\t\t>\n<div class=\"sow-image-container\">\n\t\t<img \n\tsrc=\"https:\/\/www.empuron.com\/wp-content\/uploads\/2018\/12\/2018-12-17_Logo_9001_33_Empuron.bmp\" width=\"150\" height=\"133\" sizes=\"(max-width: 150px) 100vw, 150px\" alt=\"\" \t\tclass=\"so-widget-image\"\/>\n\t<\/div>\n\n<\/div><\/div><\/div><div id=\"pgc-523-1-2\"  class=\"panel-grid-cell panel-grid-cell-empty\" ><\/div><\/div><div id=\"pg-523-2\"  class=\"panel-grid panel-no-style\" ><div id=\"pgc-523-2-0\"  class=\"panel-grid-cell\" ><div id=\"panel-523-2-0-0\" class=\"so-panel widget_sow-editor panel-first-child panel-last-child\" data-index=\"3\" ><div\n\t\t\t\n\t\t\tclass=\"so-widget-sow-editor so-widget-sow-editor-base\"\n\t\t\t\n\t\t>\n<div class=\"siteorigin-widget-tinymce textwidget\">\n\t<h2 style=\"text-align: left;\">Herausgeber<\/h2>\n<p style=\"text-align: left;\"><strong>EMPURON AG<\/strong><br \/>\nWiesbadener Stra\u00dfe 11<br \/>\nD-90427 N\u00fcrnberg<\/p>\n<h2 style=\"text-align: left;\">Trademark, Registered Trademark ...<\/h2>\n<p style=\"text-align: left;\">Windows, Word, Excel sind eingetragene Marken der Microsoft Corporation. SINAUT Spectrum und Spectrum Power sind eingetragene Warenzeichen der Siemens AG. Alle anderen Produkte sind Marken oder eingetragene Marken der jeweiligen Firmen. EMPURON ist eine eingetragene Marke der EMPURON AG<strong>.<\/strong><\/p>\n<h2 style=\"text-align: left;\">Urheberrecht<\/h2>\n<p style=\"text-align: left;\">\u00a9 Copyright EMPURON AG. Alle Rechte vorbehalten. Text, Bilder, Grafiken, Sound, Animationen und Videos sowie deren Anordnung auf der EMPURON Website unterliegen dem Schutz des Urheberrechts und anderer Schutzgesetze.<\/p>\n<p style=\"text-align: left;\">Der Inhalt dieser Website darf weder zu privaten noch zu kommerziellen Zwecken kopiert, verbreitet, ver\u00e4ndert oder Dritten zug\u00e4nglich gemacht werden. Wir weisen daraufhin, dass auf den Websites enthaltene Bilder auch dem Urheberrecht Dritter unterliegen k\u00f6nnen.<\/p>\n<h2 style=\"text-align: left;\">Inhalte<\/h2>\n<p style=\"text-align: left;\">Diese Website wurde mit gr\u00f6\u00dftm\u00f6glicher Sorgfalt zusammengestellt. Trotzdem kann keine Gew\u00e4hr f\u00fcr die Fehlerfreiheit und Genauigkeit der enthaltenen Informationen \u00fcbernommen werden. Jegliche Haftung f\u00fcr Sch\u00e4den, die direkt oder indirekt aus der Benutzung dieser Website entstehen, wird ausgeschlossen.<\/p>\n<h2 style=\"text-align: left;\">Links<\/h2>\n<p style=\"text-align: left;\">Das Landgericht Hamburg hat mit Urteil vom 12.05.1998 entschieden, dass man durch die Ver\u00f6ffentlichung eines Verweises auf fremde Internetseiten (\"Links\") die Inhalte der gelinkten Seite gegebenenfalls mit zu verantworten hat. Dies kann laut Landgericht nur dadurch verhindert werden, dass man sich ausdr\u00fccklich von diesen Inhalten distanziert. F\u00fcr alle Links dieser Hompage gilt: Wir betonen ausdr\u00fccklich, dass wir keinerlei Einfluss auf die Gestaltung und die Inhalte fremder Internetseiten haben. Deshalb distanzieren wir uns hiermit ausdr\u00fccklich von allen Inhalten aller gelinkten Seiten. Diese Erkl\u00e4rung gilt f\u00fcr alle auf unserer Homepage (einschlie\u00dflich der Unterseiten) angebrachten Links und f\u00fcr alle Inhalte der Seiten, zu denen Links oder Banner f\u00fchren.<\/p>\n<h2 style=\"text-align: left;\"><\/h2>\n<\/div>\n<\/div><\/div><\/div><\/div><div id=\"pg-523-3\"  class=\"panel-grid panel-no-style\" ><div id=\"pgc-523-3-0\"  class=\"panel-grid-cell\" ><div id=\"panel-523-3-0-0\" class=\"so-panel widget_sow-editor panel-first-child panel-last-child\" data-index=\"4\" ><div\n\t\t\t\n\t\t\tclass=\"so-widget-sow-editor so-widget-sow-editor-base\"\n\t\t\t\n\t\t>\n<div class=\"siteorigin-widget-tinymce textwidget\">\n\t<p><!-- Global site tag (gtag.js) - Google Ads: 720993198 --><br \/>\n<script async src=\"https:\/\/www.googletagmanager.com\/gtag\/js?id=AW-720993198\"><\/script><br \/>\n<script>\n  window.dataLayer = window.dataLayer || [];\n  function gtag(){dataLayer.push(arguments);}\n  gtag('js', new Date());<\/p>\n<p>  gtag('config', 'AW-720993198');\n<\/script><\/p>\n<\/div>\n<\/div><\/div><\/div><\/div><\/div>","protected":false},"excerpt":{"rendered":"<p>Impressum EMPURON AG Wiesbadener Stra\u00dfe 11, D-90427 N\u00fcrnberg Tel.: +49 | 911 | 477 918 | 0 Fax: +49 | 911 | 477 918 | 88 info@empuron.com www.empuron.com Vorstand: Hubert Medl Aufsichtsratsvorsitzender: Winfried Bergmann Registergericht: N\u00fcrnberg HRB 40974 Umsatzsteuer-Identnummer: DE815014598<\/p>\n","protected":false},"author":3,"featured_media":0,"parent":0,"menu_order":0,"comment_status":"closed","ping_status":"closed","template":"","meta":{"om_disable_all_campaigns":false,"footnotes":""},"class_list":["post-523","page","type-page","status-publish","hentry"],"yoast_head":"<!-- This site is optimized with the Yoast SEO Premium plugin v18.5 (Yoast SEO v27.3) - https:\/\/yoast.com\/product\/yoast-seo-premium-wordpress\/ -->\n<title>IMPRESSUM &#8226; EMPURON Trademark, Urheberrecht, Inhalte<\/title>\n<meta name=\"description\" content=\"Informationen zu Herausgeber,Trademark, Urheberrecht, Inhalten und Links. EMPURON AG, Am Weichselgarten 7, 91058 Erlangen\" \/>\n<meta name=\"robots\" content=\"index, follow, max-snippet:-1, max-image-preview:large, max-video-preview:-1\" \/>\n<link rel=\"canonical\" href=\"https:\/\/www.empuron.com\/index.php\/de\/impressum\/\" \/>\n<meta property=\"og:locale\" content=\"de_DE\" \/>\n<meta property=\"og:type\" content=\"article\" \/>\n<meta property=\"og:title\" content=\"IMPRESSUM\" \/>\n<meta property=\"og:description\" content=\"Informationen zu Herausgeber,Trademark, Urheberrecht, Inhalten und Links. EMPURON AG, Am Weichselgarten 7, 91058 Erlangen\" \/>\n<meta property=\"og:url\" content=\"https:\/\/www.empuron.com\/index.php\/de\/impressum\/\" \/>\n<meta property=\"og:site_name\" content=\"EMPURON\" \/>\n<meta property=\"article:modified_time\" content=\"2022-10-31T16:54:33+00:00\" \/>\n<meta property=\"og:image\" content=\"https:\/\/www.empuron.com\/wp-content\/uploads\/2016\/06\/Empuron_Tisch.jpg\" \/>\n<meta name=\"twitter:card\" content=\"summary_large_image\" \/>\n<meta name=\"twitter:label1\" content=\"Gesch\u00e4tzte Lesezeit\" \/>\n\t<meta name=\"twitter:data1\" content=\"3\u00a0Minuten\" \/>\n<script type=\"application\/ld+json\" class=\"yoast-schema-graph\">{\"@context\":\"https:\\\/\\\/schema.org\",\"@graph\":[{\"@type\":\"WebPage\",\"@id\":\"https:\\\/\\\/www.empuron.com\\\/index.php\\\/de\\\/impressum\\\/\",\"url\":\"https:\\\/\\\/www.empuron.com\\\/index.php\\\/de\\\/impressum\\\/\",\"name\":\"IMPRESSUM &#8226; EMPURON Trademark, Urheberrecht, Inhalte\",\"isPartOf\":{\"@id\":\"https:\\\/\\\/www.empuron.com\\\/#website\"},\"primaryImageOfPage\":{\"@id\":\"https:\\\/\\\/www.empuron.com\\\/index.php\\\/de\\\/impressum\\\/#primaryimage\"},\"image\":{\"@id\":\"https:\\\/\\\/www.empuron.com\\\/index.php\\\/de\\\/impressum\\\/#primaryimage\"},\"thumbnailUrl\":\"https:\\\/\\\/www.empuron.com\\\/wp-content\\\/uploads\\\/2016\\\/06\\\/Empuron_Tisch.jpg\",\"datePublished\":\"2016-05-15T16:15:02+00:00\",\"dateModified\":\"2022-10-31T16:54:33+00:00\",\"description\":\"Informationen zu Herausgeber,Trademark, Urheberrecht, Inhalten und Links. EMPURON AG, Am Weichselgarten 7, 91058 Erlangen\",\"breadcrumb\":{\"@id\":\"https:\\\/\\\/www.empuron.com\\\/index.php\\\/de\\\/impressum\\\/#breadcrumb\"},\"inLanguage\":\"de\",\"potentialAction\":[{\"@type\":\"ReadAction\",\"target\":[\"https:\\\/\\\/www.empuron.com\\\/index.php\\\/de\\\/impressum\\\/\"]}]},{\"@type\":\"ImageObject\",\"inLanguage\":\"de\",\"@id\":\"https:\\\/\\\/www.empuron.com\\\/index.php\\\/de\\\/impressum\\\/#primaryimage\",\"url\":\"https:\\\/\\\/www.empuron.com\\\/wp-content\\\/uploads\\\/2016\\\/06\\\/Empuron_Tisch.jpg\",\"contentUrl\":\"https:\\\/\\\/www.empuron.com\\\/wp-content\\\/uploads\\\/2016\\\/06\\\/Empuron_Tisch.jpg\",\"width\":1600,\"height\":500},{\"@type\":\"BreadcrumbList\",\"@id\":\"https:\\\/\\\/www.empuron.com\\\/index.php\\\/de\\\/impressum\\\/#breadcrumb\",\"itemListElement\":[{\"@type\":\"ListItem\",\"position\":1,\"name\":\"Startseite\",\"item\":\"https:\\\/\\\/www.empuron.com\\\/index.php\\\/de\\\/https-www-empuron-com-index-php-de-https-www-empuron-com-index-php-de-empuron-ueberlegenes-energiemanagement\\\/\"},{\"@type\":\"ListItem\",\"position\":2,\"name\":\"IMPRESSUM\"}]},{\"@type\":\"WebSite\",\"@id\":\"https:\\\/\\\/www.empuron.com\\\/#website\",\"url\":\"https:\\\/\\\/www.empuron.com\\\/\",\"name\":\"EMPURON\",\"description\":\"Specialised in Energy Intelligence Solutions\",\"publisher\":{\"@id\":\"https:\\\/\\\/www.empuron.com\\\/#organization\"},\"potentialAction\":[{\"@type\":\"SearchAction\",\"target\":{\"@type\":\"EntryPoint\",\"urlTemplate\":\"https:\\\/\\\/www.empuron.com\\\/?s={search_term_string}\"},\"query-input\":{\"@type\":\"PropertyValueSpecification\",\"valueRequired\":true,\"valueName\":\"search_term_string\"}}],\"inLanguage\":\"de\"},{\"@type\":\"Organization\",\"@id\":\"https:\\\/\\\/www.empuron.com\\\/#organization\",\"name\":\"EMPURON AG\",\"url\":\"https:\\\/\\\/www.empuron.com\\\/\",\"logo\":{\"@type\":\"ImageObject\",\"inLanguage\":\"de\",\"@id\":\"https:\\\/\\\/www.empuron.com\\\/#\\\/schema\\\/logo\\\/image\\\/\",\"url\":\"https:\\\/\\\/www.empuron.com\\\/wp-content\\\/uploads\\\/2017\\\/05\\\/Emp_Logo.png\",\"contentUrl\":\"https:\\\/\\\/www.empuron.com\\\/wp-content\\\/uploads\\\/2017\\\/05\\\/Emp_Logo.png\",\"width\":80,\"height\":80,\"caption\":\"EMPURON AG\"},\"image\":{\"@id\":\"https:\\\/\\\/www.empuron.com\\\/#\\\/schema\\\/logo\\\/image\\\/\"},\"sameAs\":[\"https:\\\/\\\/www.linkedin.com\\\/company\\\/2127395\\\/\"]}]}<\/script>\n<!-- \/ Yoast SEO Premium plugin. -->","yoast_head_json":{"title":"IMPRESSUM &#8226; EMPURON Trademark, Urheberrecht, Inhalte","description":"Informationen zu Herausgeber,Trademark, Urheberrecht, Inhalten und Links. EMPURON AG, Am Weichselgarten 7, 91058 Erlangen","robots":{"index":"index","follow":"follow","max-snippet":"max-snippet:-1","max-image-preview":"max-image-preview:large","max-video-preview":"max-video-preview:-1"},"canonical":"https:\/\/www.empuron.com\/index.php\/de\/impressum\/","og_locale":"de_DE","og_type":"article","og_title":"IMPRESSUM","og_description":"Informationen zu Herausgeber,Trademark, Urheberrecht, Inhalten und Links. EMPURON AG, Am Weichselgarten 7, 91058 Erlangen","og_url":"https:\/\/www.empuron.com\/index.php\/de\/impressum\/","og_site_name":"EMPURON","article_modified_time":"2022-10-31T16:54:33+00:00","og_image":[{"url":"https:\/\/www.empuron.com\/wp-content\/uploads\/2016\/06\/Empuron_Tisch.jpg","type":"","width":"","height":""}],"twitter_card":"summary_large_image","twitter_misc":{"Gesch\u00e4tzte Lesezeit":"3\u00a0Minuten"},"schema":{"@context":"https:\/\/schema.org","@graph":[{"@type":"WebPage","@id":"https:\/\/www.empuron.com\/index.php\/de\/impressum\/","url":"https:\/\/www.empuron.com\/index.php\/de\/impressum\/","name":"IMPRESSUM &#8226; EMPURON Trademark, Urheberrecht, Inhalte","isPartOf":{"@id":"https:\/\/www.empuron.com\/#website"},"primaryImageOfPage":{"@id":"https:\/\/www.empuron.com\/index.php\/de\/impressum\/#primaryimage"},"image":{"@id":"https:\/\/www.empuron.com\/index.php\/de\/impressum\/#primaryimage"},"thumbnailUrl":"https:\/\/www.empuron.com\/wp-content\/uploads\/2016\/06\/Empuron_Tisch.jpg","datePublished":"2016-05-15T16:15:02+00:00","dateModified":"2022-10-31T16:54:33+00:00","description":"Informationen zu Herausgeber,Trademark, Urheberrecht, Inhalten und Links. EMPURON AG, Am Weichselgarten 7, 91058 Erlangen","breadcrumb":{"@id":"https:\/\/www.empuron.com\/index.php\/de\/impressum\/#breadcrumb"},"inLanguage":"de","potentialAction":[{"@type":"ReadAction","target":["https:\/\/www.empuron.com\/index.php\/de\/impressum\/"]}]},{"@type":"ImageObject","inLanguage":"de","@id":"https:\/\/www.empuron.com\/index.php\/de\/impressum\/#primaryimage","url":"https:\/\/www.empuron.com\/wp-content\/uploads\/2016\/06\/Empuron_Tisch.jpg","contentUrl":"https:\/\/www.empuron.com\/wp-content\/uploads\/2016\/06\/Empuron_Tisch.jpg","width":1600,"height":500},{"@type":"BreadcrumbList","@id":"https:\/\/www.empuron.com\/index.php\/de\/impressum\/#breadcrumb","itemListElement":[{"@type":"ListItem","position":1,"name":"Startseite","item":"https:\/\/www.empuron.com\/index.php\/de\/https-www-empuron-com-index-php-de-https-www-empuron-com-index-php-de-empuron-ueberlegenes-energiemanagement\/"},{"@type":"ListItem","position":2,"name":"IMPRESSUM"}]},{"@type":"WebSite","@id":"https:\/\/www.empuron.com\/#website","url":"https:\/\/www.empuron.com\/","name":"EMPURON","description":"Specialised in Energy Intelligence Solutions","publisher":{"@id":"https:\/\/www.empuron.com\/#organization"},"potentialAction":[{"@type":"SearchAction","target":{"@type":"EntryPoint","urlTemplate":"https:\/\/www.empuron.com\/?s={search_term_string}"},"query-input":{"@type":"PropertyValueSpecification","valueRequired":true,"valueName":"search_term_string"}}],"inLanguage":"de"},{"@type":"Organization","@id":"https:\/\/www.empuron.com\/#organization","name":"EMPURON AG","url":"https:\/\/www.empuron.com\/","logo":{"@type":"ImageObject","inLanguage":"de","@id":"https:\/\/www.empuron.com\/#\/schema\/logo\/image\/","url":"https:\/\/www.empuron.com\/wp-content\/uploads\/2017\/05\/Emp_Logo.png","contentUrl":"https:\/\/www.empuron.com\/wp-content\/uploads\/2017\/05\/Emp_Logo.png","width":80,"height":80,"caption":"EMPURON AG"},"image":{"@id":"https:\/\/www.empuron.com\/#\/schema\/logo\/image\/"},"sameAs":["https:\/\/www.linkedin.com\/company\/2127395\/"]}]}},"_links":{"self":[{"href":"https:\/\/www.empuron.com\/index.php\/wp-json\/wp\/v2\/pages\/523","targetHints":{"allow":["GET"]}}],"collection":[{"href":"https:\/\/www.empuron.com\/index.php\/wp-json\/wp\/v2\/pages"}],"about":[{"href":"https:\/\/www.empuron.com\/index.php\/wp-json\/wp\/v2\/types\/page"}],"author":[{"embeddable":true,"href":"https:\/\/www.empuron.com\/index.php\/wp-json\/wp\/v2\/users\/3"}],"replies":[{"embeddable":true,"href":"https:\/\/www.empuron.com\/index.php\/wp-json\/wp\/v2\/comments?post=523"}],"version-history":[{"count":46,"href":"https:\/\/www.empuron.com\/index.php\/wp-json\/wp\/v2\/pages\/523\/revisions"}],"predecessor-version":[{"id":6498,"href":"https:\/\/www.empuron.com\/index.php\/wp-json\/wp\/v2\/pages\/523\/revisions\/6498"}],"wp:attachment":[{"href":"https:\/\/www.empuron.com\/index.php\/wp-json\/wp\/v2\/media?parent=523"}],"curies":[{"name":"wp","href":"https:\/\/api.w.org\/{rel}","templated":true}]}}