{"id":76,"date":"2016-04-22T07:00:41","date_gmt":"2016-04-22T07:00:41","guid":{"rendered":"https:\/\/www.ambpower.com\/?page_id=76"},"modified":"2020-02-04T14:51:25","modified_gmt":"2020-02-04T12:51:25","slug":"den-einsatz-von-energieanlagen-im-smart-grid-optimieren","status":"publish","type":"page","link":"https:\/\/www.empuron.com\/index.php\/de\/den-einsatz-von-energieanlagen-im-smart-grid-optimieren\/","title":{"rendered":"EDM"},"content":{"rendered":"<div id=\"pl-76\"  class=\"panel-layout\" ><div id=\"pg-76-0\"  class=\"panel-grid panel-has-style\" ><div class=\"so-parallax siteorigin-panels-stretch panel-row-style panel-row-style-for-76-0\" data-stretch-type=\"full\" ><img fetchpriority=\"high\" decoding=\"async\" width=\"1600\" height=\"600\" src=\"https:\/\/www.empuron.com\/wp-content\/uploads\/2016\/04\/3EDM_Header.jpg\" class=\"attachment-full size-full\" alt=\"\" data-siteorigin-parallax=\"true\" loading=\"eager\" srcset=\"https:\/\/www.empuron.com\/wp-content\/uploads\/2016\/04\/3EDM_Header.jpg 1600w, https:\/\/www.empuron.com\/wp-content\/uploads\/2016\/04\/3EDM_Header-300x113.jpg 300w, https:\/\/www.empuron.com\/wp-content\/uploads\/2016\/04\/3EDM_Header-1024x384.jpg 1024w\" sizes=\"(max-width: 1600px) 100vw, 1600px\" \/><div id=\"pgc-76-0-0\"  class=\"panel-grid-cell\" ><div id=\"panel-76-0-0-0\" class=\"so-panel widget_sow-editor panel-first-child panel-last-child\" data-index=\"0\" ><div\n\t\t\t\n\t\t\tclass=\"so-widget-sow-editor so-widget-sow-editor-base\"\n\t\t\t\n\t\t>\n<div class=\"siteorigin-widget-tinymce textwidget\">\n\t<h1 style=\"text-align: center;\"><span style=\"color: #ffffff;\"><img loading=\"lazy\" decoding=\"async\" class=\"aligncenter wp-image-1576 size-full\" src=\"https:\/\/www.empuron.com\/wp-content\/uploads\/2016\/04\/EDM_Icon_mini.png\" alt=\"EDM_Icon_mini Smart Grid\" width=\"130\" height=\"130\" \/><span style=\"color: #a0bed2;\">EDM \u2013 EMPURON DATEN MANAGEMENT<\/span><\/span><\/h1>\n<\/div>\n<\/div><\/div><\/div><\/div><\/div><div id=\"pg-76-1\"  class=\"panel-grid panel-has-style\" ><div class=\"siteorigin-panels-stretch panel-row-style panel-row-style-for-76-1\" data-stretch-type=\"full\" ><div id=\"pgc-76-1-0\"  class=\"panel-grid-cell\" ><div id=\"panel-76-1-0-0\" class=\"so-panel widget_sow-editor panel-first-child\" data-index=\"1\" ><div\n\t\t\t\n\t\t\tclass=\"so-widget-sow-editor so-widget-sow-editor-base\"\n\t\t\t\n\t\t>\n<div class=\"siteorigin-widget-tinymce textwidget\">\n\t<h2 style=\"text-align: left;\">Den Einsatz von Energieanlagen im Smart Grid optimieren<\/h2>\n<p style=\"text-align: left;\">Unsere Funktionen und Bausteine helfen Betreibern von Netzen und Komponenten im Energienetz der Zukunft, Ihre Anlagen optimaler und abgestimmt zu betreiben. EMPURON stellt zudem <a href=\"https:\/\/www.empuron.com\/index.php\/de\/kontaktformular\/\">Beratungsdienstleistungen<\/a> bereit, die neue Aufgabenstellungen passgenau einer L\u00f6sung zuf\u00fchren.<\/p>\n<\/div>\n<\/div><\/div><div id=\"panel-76-1-0-1\" class=\"so-panel widget_ink-accordion panel-last-child\" data-index=\"2\" ><div\n\t\t\t\n\t\t\tclass=\"so-widget-ink-accordion so-widget-ink-accordion-accordion-459e9ce7bde8-76\"\n\t\t\t\n\t\t>\n<div class=\"iw-so-accordion-plain iw-so-accordion\">\n\n\t\n\t\t<div class=\"iw-so-acc-item\"  id=\"EDM-1\">\n\n\t\t\t<a href=\"#\" class=\"iw-so-acc-title iw-text-left\">\n\t\t\t\tEMPURON PROCESS-DATA-WAREHOUSE\t\t\t\t<span class=\"iw-so-tgl-open\"><span class=\"sow-icon-fontawesome sow-fas\" data-sow-icon=\"&#xf107;\"\n\t\tstyle=\"font-size: 2em; color: right\" \n\t\taria-hidden=\"true\"><\/span><\/span>\n\t\t\t\t<span class=\"iw-so-tgl-close\"><span class=\"sow-icon-ionicons\" data-sow-icon=\"&#xf2d7;\"\n\t\tstyle=\"font-size: 2em; color: right\" \n\t\taria-hidden=\"true\"><\/span><\/span>\n\t\t\t<\/a>\n\n\t\t\t<div class=\"iw-so-acc-content\">\n\t\t\t\t<p style=\"text-align: left;\">Mit dem EMPURON Process-Data-Warehouse stellen wir im Energiemanagement und bei Energieversorgungsunternehmen eine umfassende Big-Data-Plattform bereit. Perfekt adaptiert erm\u00f6glicht EMPURON die Datenhaltung gro\u00dfer Zeitreihen-Datenbest\u00e4nde.<\/p>\n<div id=\"ardn-5761af8d645ea-1\" class=\"content active\">\n<p style=\"text-align: left;\">\u2022 Anwendung PREM (Regelenergiemonitoring): Kontrolle, ob prim\u00e4re und sekund\u00e4re Regelenergie korrekt eingesetzt wird.<br \/>\u2022 Projekt Verteilnetze2020: Errechnen von Prognosen, Analysen ausf\u00fchren, Marktkommunikation und Kennzahlen bereitstellen.<\/p>\n<\/div>\n\t\t\t<\/div>\n\n\t\t<\/div>\n\n\t\t\n\t\n\t\t<div class=\"iw-so-acc-item\"  id=\"EDM-2\">\n\n\t\t\t<a href=\"#\" class=\"iw-so-acc-title iw-text-left\">\n\t\t\t\tEMPURON SPEICHER-FAHRPLANSYSTEM\t\t\t\t<span class=\"iw-so-tgl-open\"><span class=\"sow-icon-fontawesome sow-fas\" data-sow-icon=\"&#xf107;\"\n\t\tstyle=\"font-size: 2em; color: right\" \n\t\taria-hidden=\"true\"><\/span><\/span>\n\t\t\t\t<span class=\"iw-so-tgl-close\"><span class=\"sow-icon-ionicons\" data-sow-icon=\"&#xf2d7;\"\n\t\tstyle=\"font-size: 2em; color: right\" \n\t\taria-hidden=\"true\"><\/span><\/span>\n\t\t\t<\/a>\n\n\t\t\t<div class=\"iw-so-acc-content\">\n\t\t\t\t<p style=\"text-align: left;\">Mit den neuen Energietechnologien werden Speichereinsatz und Erneuerbare Energien aufeinander abgestimmt. Durch Simulation des Stromnetzes erarbeitet EMPURON Fahrpl\u00e4ne zur Optimierung der Verwendung von Energiespeichern. Damit wird der optimale Betrieb von Verteilnetzen mit Speichersystemen und lokaler Einspeisung verbessert. Durch die EMPURON Funktion Speicher-Fahrplansystem wird der optimale, finanzielle Ertrag des Speichers im Netz erzielbar.<\/p>\n\t\t\t<\/div>\n\n\t\t<\/div>\n\n\t\t\n\t\n\t\t<div class=\"iw-so-acc-item\"  id=\"EDM-3\">\n\n\t\t\t<a href=\"#\" class=\"iw-so-acc-title iw-text-left\">\n\t\t\t\tGRID GATEWAY &amp; METER2SCADA\t\t\t\t<span class=\"iw-so-tgl-open\"><span class=\"sow-icon-fontawesome sow-fas\" data-sow-icon=\"&#xf107;\"\n\t\tstyle=\"font-size: 2em; color: right\" \n\t\taria-hidden=\"true\"><\/span><\/span>\n\t\t\t\t<span class=\"iw-so-tgl-close\"><span class=\"sow-icon-ionicons\" data-sow-icon=\"&#xf2d7;\"\n\t\tstyle=\"font-size: 2em; color: right\" \n\t\taria-hidden=\"true\"><\/span><\/span>\n\t\t\t<\/a>\n\n\t\t\t<div class=\"iw-so-acc-content\">\n\t\t\t\t<p style=\"text-align: left;\"><span id=\"result_box\" class=\"long_text\"><span title=\"Multi-function gateway processing computer with the functions and data concentrators protocol converter is used to interconnect isolated segments of DCS systems, and data processing in real time, with the help of PLC algorithms created by the IEC 61131-3 standard, with the support of\">Multifunktions-Gateway mit den Funktionen eines Daten-Konzentrators und Protokoll-Konverters. Aufgabenstellungen: Isolierte Segmente von verteilten Leitsystemen miteinander zu verbinden, Datenverarbeitung in Echtzeit mit Hilfe von SPS-Algorithmen (gem\u00e4\u00df Norm <a href=\"https:\/\/en.wikipedia.org\/wiki\/IEC_61131-3\">IEC 61131-3<\/a>), Unterst\u00fctzung durch intelligente I \/ O-Module.<\/span><\/span><\/p>\n\t\t\t<\/div>\n\n\t\t<\/div>\n\n\t\t\n\t\n\t\t<div class=\"iw-so-acc-item\"  id=\"EDM-4\">\n\n\t\t\t<a href=\"#\" class=\"iw-so-acc-title iw-text-left\">\n\t\t\t\tBERATUNGSDIENSTLEISTUNGEN \t\t\t\t<span class=\"iw-so-tgl-open\"><span class=\"sow-icon-fontawesome sow-fas\" data-sow-icon=\"&#xf107;\"\n\t\tstyle=\"font-size: 2em; color: right\" \n\t\taria-hidden=\"true\"><\/span><\/span>\n\t\t\t\t<span class=\"iw-so-tgl-close\"><span class=\"sow-icon-ionicons\" data-sow-icon=\"&#xf2d7;\"\n\t\tstyle=\"font-size: 2em; color: right\" \n\t\taria-hidden=\"true\"><\/span><\/span>\n\t\t\t<\/a>\n\n\t\t\t<div class=\"iw-so-acc-content\">\n\t\t\t\t<p style=\"text-align: left;\">\u2022 Erstellen von Anforderungsdefinitionen<br \/>\n\u2022 Ermittlung des optimalen L\u00f6sungsansatzes<br \/>\n\u2022 Abgleich mit am Markt verf\u00fcgbaren L\u00f6sungsmodulen<br \/>\n\u2022 Unterst\u00fctzung der Make-or-Buy-Entscheidung<br \/>\n\u2022 Pflichtenheft und Spezifikation erstellen<br \/>\n\u2022 \u00dcberwachung der Umsetzung<br \/>\n\u2022 Test und Abnahmeunterst\u00fctzung<\/p>\n\t\t\t<\/div>\n\n\t\t<\/div>\n\n\t\t\n\t\n<\/div>\n<\/div><\/div><\/div><\/div><\/div><div id=\"pg-76-2\"  class=\"panel-grid panel-no-style\" ><div id=\"pgc-76-2-0\"  class=\"panel-grid-cell\" ><div id=\"panel-76-2-0-0\" class=\"so-panel widget_sow-editor panel-first-child panel-last-child\" data-index=\"3\" ><div\n\t\t\t\n\t\t\tclass=\"so-widget-sow-editor so-widget-sow-editor-base\"\n\t\t\t\n\t\t>\n<div class=\"siteorigin-widget-tinymce textwidget\">\n\t<p><!-- Global site tag (gtag.js) - Google Ads: 720993198 --><br \/>\n<script async src=\"https:\/\/www.googletagmanager.com\/gtag\/js?id=AW-720993198\"><\/script><br \/>\n<script>\n  window.dataLayer = window.dataLayer || [];\n  function gtag(){dataLayer.push(arguments);}\n  gtag('js', new Date());<\/p>\n<p>  gtag('config', 'AW-720993198');\n<\/script><\/p>\n<\/div>\n<\/div><\/div><\/div><\/div><\/div>","protected":false},"excerpt":{"rendered":"<p>EDM \u2013 EMPURON DATEN MANAGEMENT Den Einsatz von Energieanlagen im Smart Grid optimieren Unsere Funktionen und Bausteine helfen Betreibern von Netzen und Komponenten im Energienetz der Zukunft, Ihre Anlagen optimaler und abgestimmt zu betreiben. EMPURON stellt zudem Beratungsdienstleistungen bereit, die neue Aufgabenstellungen passgenau einer L\u00f6sung zuf\u00fchren.<\/p>\n","protected":false},"author":2,"featured_media":0,"parent":0,"menu_order":0,"comment_status":"closed","ping_status":"closed","template":"","meta":{"om_disable_all_campaigns":false,"footnotes":""},"class_list":["post-76","page","type-page","status-publish","hentry"],"yoast_head":"<!-- This site is optimized with the Yoast SEO Premium plugin v18.5 (Yoast SEO v27.3) - https:\/\/yoast.com\/product\/yoast-seo-premium-wordpress\/ -->\n<title>Energieanlagen im Smart Grid: Funktionen und Bausteine zum optimieren<\/title>\n<meta name=\"description\" content=\"Den Einsatz von Energieanlagen im Smart Grid optimieren - Funktionen f\u00fcr Netz- und Anlagenbetreiber um das Energienetz der Zukunft optimaler zu betreiben\" \/>\n<meta name=\"robots\" content=\"index, follow, max-snippet:-1, max-image-preview:large, max-video-preview:-1\" \/>\n<link rel=\"canonical\" href=\"https:\/\/www.empuron.com\/index.php\/de\/den-einsatz-von-energieanlagen-im-smart-grid-optimieren\/\" \/>\n<meta property=\"og:locale\" content=\"de_DE\" \/>\n<meta property=\"og:type\" content=\"article\" \/>\n<meta property=\"og:title\" content=\"EDM\" \/>\n<meta property=\"og:description\" content=\"Den Einsatz von Energieanlagen im Smart Grid optimieren - Funktionen f\u00fcr Netz- und Anlagenbetreiber um das Energienetz der Zukunft optimaler zu betreiben\" \/>\n<meta property=\"og:url\" content=\"https:\/\/www.empuron.com\/index.php\/de\/den-einsatz-von-energieanlagen-im-smart-grid-optimieren\/\" \/>\n<meta property=\"og:site_name\" content=\"EMPURON\" \/>\n<meta property=\"article:modified_time\" content=\"2020-02-04T12:51:25+00:00\" \/>\n<meta property=\"og:image\" content=\"https:\/\/www.empuron.com\/wp-content\/uploads\/2016\/04\/EDM_Icon_mini.png\" \/>\n<meta name=\"twitter:card\" content=\"summary_large_image\" \/>\n<script type=\"application\/ld+json\" class=\"yoast-schema-graph\">{\"@context\":\"https:\\\/\\\/schema.org\",\"@graph\":[{\"@type\":\"WebPage\",\"@id\":\"https:\\\/\\\/www.empuron.com\\\/index.php\\\/de\\\/den-einsatz-von-energieanlagen-im-smart-grid-optimieren\\\/\",\"url\":\"https:\\\/\\\/www.empuron.com\\\/index.php\\\/de\\\/den-einsatz-von-energieanlagen-im-smart-grid-optimieren\\\/\",\"name\":\"Energieanlagen im Smart Grid: Funktionen und Bausteine zum optimieren\",\"isPartOf\":{\"@id\":\"https:\\\/\\\/www.empuron.com\\\/#website\"},\"primaryImageOfPage\":{\"@id\":\"https:\\\/\\\/www.empuron.com\\\/index.php\\\/de\\\/den-einsatz-von-energieanlagen-im-smart-grid-optimieren\\\/#primaryimage\"},\"image\":{\"@id\":\"https:\\\/\\\/www.empuron.com\\\/index.php\\\/de\\\/den-einsatz-von-energieanlagen-im-smart-grid-optimieren\\\/#primaryimage\"},\"thumbnailUrl\":\"https:\\\/\\\/www.empuron.com\\\/wp-content\\\/uploads\\\/2016\\\/04\\\/EDM_Icon_mini.png\",\"datePublished\":\"2016-04-22T07:00:41+00:00\",\"dateModified\":\"2020-02-04T12:51:25+00:00\",\"description\":\"Den Einsatz von Energieanlagen im Smart Grid optimieren - Funktionen f\u00fcr Netz- und Anlagenbetreiber um das Energienetz der Zukunft optimaler zu betreiben\",\"breadcrumb\":{\"@id\":\"https:\\\/\\\/www.empuron.com\\\/index.php\\\/de\\\/den-einsatz-von-energieanlagen-im-smart-grid-optimieren\\\/#breadcrumb\"},\"inLanguage\":\"de\",\"potentialAction\":[{\"@type\":\"ReadAction\",\"target\":[\"https:\\\/\\\/www.empuron.com\\\/index.php\\\/de\\\/den-einsatz-von-energieanlagen-im-smart-grid-optimieren\\\/\"]}]},{\"@type\":\"ImageObject\",\"inLanguage\":\"de\",\"@id\":\"https:\\\/\\\/www.empuron.com\\\/index.php\\\/de\\\/den-einsatz-von-energieanlagen-im-smart-grid-optimieren\\\/#primaryimage\",\"url\":\"https:\\\/\\\/www.empuron.com\\\/wp-content\\\/uploads\\\/2016\\\/04\\\/EDM_Icon_mini.png\",\"contentUrl\":\"https:\\\/\\\/www.empuron.com\\\/wp-content\\\/uploads\\\/2016\\\/04\\\/EDM_Icon_mini.png\",\"width\":130,\"height\":130},{\"@type\":\"BreadcrumbList\",\"@id\":\"https:\\\/\\\/www.empuron.com\\\/index.php\\\/de\\\/den-einsatz-von-energieanlagen-im-smart-grid-optimieren\\\/#breadcrumb\",\"itemListElement\":[{\"@type\":\"ListItem\",\"position\":1,\"name\":\"Startseite\",\"item\":\"https:\\\/\\\/www.empuron.com\\\/index.php\\\/de\\\/https-www-empuron-com-index-php-de-https-www-empuron-com-index-php-de-empuron-ueberlegenes-energiemanagement\\\/\"},{\"@type\":\"ListItem\",\"position\":2,\"name\":\"EDM\"}]},{\"@type\":\"WebSite\",\"@id\":\"https:\\\/\\\/www.empuron.com\\\/#website\",\"url\":\"https:\\\/\\\/www.empuron.com\\\/\",\"name\":\"EMPURON\",\"description\":\"Specialised in Energy Intelligence Solutions\",\"publisher\":{\"@id\":\"https:\\\/\\\/www.empuron.com\\\/#organization\"},\"potentialAction\":[{\"@type\":\"SearchAction\",\"target\":{\"@type\":\"EntryPoint\",\"urlTemplate\":\"https:\\\/\\\/www.empuron.com\\\/?s={search_term_string}\"},\"query-input\":{\"@type\":\"PropertyValueSpecification\",\"valueRequired\":true,\"valueName\":\"search_term_string\"}}],\"inLanguage\":\"de\"},{\"@type\":\"Organization\",\"@id\":\"https:\\\/\\\/www.empuron.com\\\/#organization\",\"name\":\"EMPURON AG\",\"url\":\"https:\\\/\\\/www.empuron.com\\\/\",\"logo\":{\"@type\":\"ImageObject\",\"inLanguage\":\"de\",\"@id\":\"https:\\\/\\\/www.empuron.com\\\/#\\\/schema\\\/logo\\\/image\\\/\",\"url\":\"https:\\\/\\\/www.empuron.com\\\/wp-content\\\/uploads\\\/2017\\\/05\\\/Emp_Logo.png\",\"contentUrl\":\"https:\\\/\\\/www.empuron.com\\\/wp-content\\\/uploads\\\/2017\\\/05\\\/Emp_Logo.png\",\"width\":80,\"height\":80,\"caption\":\"EMPURON AG\"},\"image\":{\"@id\":\"https:\\\/\\\/www.empuron.com\\\/#\\\/schema\\\/logo\\\/image\\\/\"},\"sameAs\":[\"https:\\\/\\\/www.linkedin.com\\\/company\\\/2127395\\\/\"]}]}<\/script>\n<!-- \/ Yoast SEO Premium plugin. -->","yoast_head_json":{"title":"Energieanlagen im Smart Grid: Funktionen und Bausteine zum optimieren","description":"Den Einsatz von Energieanlagen im Smart Grid optimieren - Funktionen f\u00fcr Netz- und Anlagenbetreiber um das Energienetz der Zukunft optimaler zu betreiben","robots":{"index":"index","follow":"follow","max-snippet":"max-snippet:-1","max-image-preview":"max-image-preview:large","max-video-preview":"max-video-preview:-1"},"canonical":"https:\/\/www.empuron.com\/index.php\/de\/den-einsatz-von-energieanlagen-im-smart-grid-optimieren\/","og_locale":"de_DE","og_type":"article","og_title":"EDM","og_description":"Den Einsatz von Energieanlagen im Smart Grid optimieren - Funktionen f\u00fcr Netz- und Anlagenbetreiber um das Energienetz der Zukunft optimaler zu betreiben","og_url":"https:\/\/www.empuron.com\/index.php\/de\/den-einsatz-von-energieanlagen-im-smart-grid-optimieren\/","og_site_name":"EMPURON","article_modified_time":"2020-02-04T12:51:25+00:00","og_image":[{"url":"https:\/\/www.empuron.com\/wp-content\/uploads\/2016\/04\/EDM_Icon_mini.png","type":"","width":"","height":""}],"twitter_card":"summary_large_image","schema":{"@context":"https:\/\/schema.org","@graph":[{"@type":"WebPage","@id":"https:\/\/www.empuron.com\/index.php\/de\/den-einsatz-von-energieanlagen-im-smart-grid-optimieren\/","url":"https:\/\/www.empuron.com\/index.php\/de\/den-einsatz-von-energieanlagen-im-smart-grid-optimieren\/","name":"Energieanlagen im Smart Grid: Funktionen und Bausteine zum optimieren","isPartOf":{"@id":"https:\/\/www.empuron.com\/#website"},"primaryImageOfPage":{"@id":"https:\/\/www.empuron.com\/index.php\/de\/den-einsatz-von-energieanlagen-im-smart-grid-optimieren\/#primaryimage"},"image":{"@id":"https:\/\/www.empuron.com\/index.php\/de\/den-einsatz-von-energieanlagen-im-smart-grid-optimieren\/#primaryimage"},"thumbnailUrl":"https:\/\/www.empuron.com\/wp-content\/uploads\/2016\/04\/EDM_Icon_mini.png","datePublished":"2016-04-22T07:00:41+00:00","dateModified":"2020-02-04T12:51:25+00:00","description":"Den Einsatz von Energieanlagen im Smart Grid optimieren - Funktionen f\u00fcr Netz- und Anlagenbetreiber um das Energienetz der Zukunft optimaler zu betreiben","breadcrumb":{"@id":"https:\/\/www.empuron.com\/index.php\/de\/den-einsatz-von-energieanlagen-im-smart-grid-optimieren\/#breadcrumb"},"inLanguage":"de","potentialAction":[{"@type":"ReadAction","target":["https:\/\/www.empuron.com\/index.php\/de\/den-einsatz-von-energieanlagen-im-smart-grid-optimieren\/"]}]},{"@type":"ImageObject","inLanguage":"de","@id":"https:\/\/www.empuron.com\/index.php\/de\/den-einsatz-von-energieanlagen-im-smart-grid-optimieren\/#primaryimage","url":"https:\/\/www.empuron.com\/wp-content\/uploads\/2016\/04\/EDM_Icon_mini.png","contentUrl":"https:\/\/www.empuron.com\/wp-content\/uploads\/2016\/04\/EDM_Icon_mini.png","width":130,"height":130},{"@type":"BreadcrumbList","@id":"https:\/\/www.empuron.com\/index.php\/de\/den-einsatz-von-energieanlagen-im-smart-grid-optimieren\/#breadcrumb","itemListElement":[{"@type":"ListItem","position":1,"name":"Startseite","item":"https:\/\/www.empuron.com\/index.php\/de\/https-www-empuron-com-index-php-de-https-www-empuron-com-index-php-de-empuron-ueberlegenes-energiemanagement\/"},{"@type":"ListItem","position":2,"name":"EDM"}]},{"@type":"WebSite","@id":"https:\/\/www.empuron.com\/#website","url":"https:\/\/www.empuron.com\/","name":"EMPURON","description":"Specialised in Energy Intelligence Solutions","publisher":{"@id":"https:\/\/www.empuron.com\/#organization"},"potentialAction":[{"@type":"SearchAction","target":{"@type":"EntryPoint","urlTemplate":"https:\/\/www.empuron.com\/?s={search_term_string}"},"query-input":{"@type":"PropertyValueSpecification","valueRequired":true,"valueName":"search_term_string"}}],"inLanguage":"de"},{"@type":"Organization","@id":"https:\/\/www.empuron.com\/#organization","name":"EMPURON AG","url":"https:\/\/www.empuron.com\/","logo":{"@type":"ImageObject","inLanguage":"de","@id":"https:\/\/www.empuron.com\/#\/schema\/logo\/image\/","url":"https:\/\/www.empuron.com\/wp-content\/uploads\/2017\/05\/Emp_Logo.png","contentUrl":"https:\/\/www.empuron.com\/wp-content\/uploads\/2017\/05\/Emp_Logo.png","width":80,"height":80,"caption":"EMPURON AG"},"image":{"@id":"https:\/\/www.empuron.com\/#\/schema\/logo\/image\/"},"sameAs":["https:\/\/www.linkedin.com\/company\/2127395\/"]}]}},"_links":{"self":[{"href":"https:\/\/www.empuron.com\/index.php\/wp-json\/wp\/v2\/pages\/76","targetHints":{"allow":["GET"]}}],"collection":[{"href":"https:\/\/www.empuron.com\/index.php\/wp-json\/wp\/v2\/pages"}],"about":[{"href":"https:\/\/www.empuron.com\/index.php\/wp-json\/wp\/v2\/types\/page"}],"author":[{"embeddable":true,"href":"https:\/\/www.empuron.com\/index.php\/wp-json\/wp\/v2\/users\/2"}],"replies":[{"embeddable":true,"href":"https:\/\/www.empuron.com\/index.php\/wp-json\/wp\/v2\/comments?post=76"}],"version-history":[{"count":45,"href":"https:\/\/www.empuron.com\/index.php\/wp-json\/wp\/v2\/pages\/76\/revisions"}],"predecessor-version":[{"id":3524,"href":"https:\/\/www.empuron.com\/index.php\/wp-json\/wp\/v2\/pages\/76\/revisions\/3524"}],"wp:attachment":[{"href":"https:\/\/www.empuron.com\/index.php\/wp-json\/wp\/v2\/media?parent=76"}],"curies":[{"name":"wp","href":"https:\/\/api.w.org\/{rel}","templated":true}]}}